lue of (9 - -26 - 65) + -6 + 3 + 14?
-19
Evaluate -4 + (16 - 2) + -7 + (-13 - -48).
38
Calculate (-104 + 33 - -82) + 45.
56
What is 23 - (-52 + (9 - -40))?
26
What is the value of -5 - 23 - (-39 - -31 - -19)?
-39
Calculate (-49 + 93 - 84) + (3 - 1).
-38
What is the value of (12 - 29) + 2 - (5 + -5 - 61)?
46
What is the value of -9 - (26 + -47 + 8)?
4
38 + -14 + -21 + 18
21
(-43 - 0) + (1192 - 1186)
-37
-823 + 951 + 1 + -161
-32
-58 - (-76 - -15) - -27
30
What is (14 - (10 - (-1 - -7))) + 241 + -153?
98
Calculate -77 + 35 - -18 - -94.
70
What is the value of 11 - (-12 + 74) - (-4 - 0 - 4)?
-43
What is -70 - (0 + (1 - -43))?
-114
(2 - -142) + -1800 + 1697
41
18 + 3 - (1 - -11)
9
-2 + (-1 + -24 + 21 + (-6 - 11) - -8)
-15
Calculate -79 + (-1313 - -1362 - (29 + 1)).
-60
Calculate 87 + (5 - 89) + 25.
28
What is -68 - (9 + 40 + -90)?
-27
What is the value of 17 + -59 - (12 + (0 - (-14 - -15)))?
-53
Evaluate 1 + -12 - (27 + -35 + 25 - 74).
46
-10 + 0 - (75 - (26 + 13)) - (17 + -4)
-59
Evaluate 2 + -119 + (47 - (-1 + (30 - -9))).
-108
(474 - 512) + 18 + -1
-21
Evaluate 98 + (83 - 134) + -84.
-37
Evaluate 53 + 1 + (-8 - -5) + (-1 - (27 + -21)).
44
What is the value of -89 + 62 + 1 + 5 - 16?
-37
Evaluate 143 + -83 + (2 - -33) + -3 + 19.
111
What is 122 + -75 + 63 + -47?
63
(-26 - 99) + -15 + 87
-53
Calculate (-1 - 12) + (-1 - -1) + 2 + 66.
55
15 - (30 - -18 - 16 - 56)
39
What is the value of 1608 - 1542 - (-9 + 23)?
52
What is the value of -51 + 70 + 4 + -61 + 17?
-21
What is the value of (-8 - 101) + 160 + -96?
-45
Calculate -16 + (25 - (-45 - -42)).
12
Calculate 135 - (200 + -31) - (0 - 132).
98
Calculate -36 - ((10 - (-14 - -29)) + -15).
-16
(-19 - (18 + 9)) + (8 + -18 + 2 - -15)
-39
Evaluate (2 - 6) + -5 - (32 - 34 - 5).
-2
50 - (9 + 12 - 5) - 11
23
Evaluate 14 - ((2 - (6 + -3)) + -90 + (664 - 668)).
109
What is the value of 67 + (29 - 138) + -1?
-43
Calculate 0 + -84 - (-541 + 487).
-30
What is the value of -3 + -45 + 35 + 4 + -4 + -4 + -81?
-98
-11 + -1 + ((7 - -26) + 13 - 32)
2
Calculate 66 + (159 - 58) + -59.
108
What is 9 + 6 + -65 + -2 + -1 + 12?
-41
104 - (-4 + 50 + -33 + 36 + -27)
82
(-4777 - -4781) + 104 + (-2 - (1 + 0))
105
Calculate -1 + -3 + (-61 - -58) + (-639 - -587).
-59
Evaluate 71 + (-8 - (-9 - -3)) - (22 + -14 + 2).
59
Evaluate (0 - -9) + (0 - -2) + (-81 - (-90 - -7)).
13
-3 + 0 - ((-16 + 32 - 14) + -13)
8
What is 8 + (69 + -73 + 12 - (-1 + (0 - -18)))?
-1
What is 52 + (8 - 8) + -11 + 34?
75
What is -1 - (0 + -7) - -15 - (-27 + -82)?
130
What is ((-6 - -3) + -77 - 0) + -54 + (23 - -31)?
-80
(13 - (-1 - (-5 - -32))) + -9 + 9
41
What is the value of -4 + (-29 - (10 - (15 - 3) - -3))?
-34
What is the value of (-10 - -141) + -77 - 132?
-78
What is the value of 7 + -48 + (2 - (5 - (0 - -5)))?
-39
Calculate -105 + 30 + (26 - -6 - 43).
-86
What is (-16 + -50 + 67 - (-2 - -2 - 1)) + -19?
-17
(26 + -21 + -24 - 2) + -32
-53
Calculate 13 - (-16 - -13) - (12 - -54) - -19.
-31
-63 - (-15 - (-11 - ((4 - 21) + 14)))
-56
(-16 - 2) + (36 - (90 + -56))
-16
Evaluate -26 + 123 + -46 + -69.
-18
2 + 55 - (157 - -125 - 259)
34
Calculate 3 - (12 + (-1 - 2) - 6) - (8 - 6).
-2
197 + -166 + (-127 - 8) + -2
-106
What is the value of (86 - 51) + (0 - 7 - 9) + 4?
23
What is (215 - 182) + (57 - 7)?
83
What is the value of 10 - (-24 - -4) - (12 - (8 + 3 + -2))?
27
What is the value of -2 - 0 - -13 - (22 - (-50 + 41)) - 11?
-31
-65 - 0 - (-202 - (-150 + -49))
-62
Evaluate -3 + -20 - (1 - (113 - 123)).
-34
What is the value of (63 - 92 - -8) + 35?
14
Calculate 55 + -83 + 16 - 41.
-53
Calculate -46 - (30 - (-94 - -110)).
-60
What is 52 + (18 - (40 - 6)) + 25 + (-9 - 1)?
51
What is the value of 437 + -395 + -6 + -52?
-16
Calculate (-88 - (-28 + -11)) + 96.
47
(52 - (72 + -32)) + (44 - -39) + -1 + 1
95
Evaluate (-31 - (-10 - -7) - -34) + -90.
-84
What is -21 - (-64 - (-21 + -55))?
-33
16 - (44 + -21 + 15) - -73
51
What is the value of (5 + -2 - (7 - 21)) + (44 - 2)?
59
What is -4 + 4 + 3 - (6 - 23 - 51)?
71
What is the value of -6 + -1 + 0 + (-451 - (-91 - 304))?
-63
What is (-139 - 10) + 15 + (-24 - -46)?
-112
What is the value of (0 - (-34 - -1)) + (8 - -10 - 12)?
39
Calculate 13 + (-13 - (-44 - -6)) - (1 - 7).
44
Evaluate -24 - (-89 - -104 - (0 + 11)).
-28
What is 2 + 8 - (45 + -56 + 4 + 13) - -22?
26
What is the value of 155 - (166 + (107 - 185))?
67
Calculate (-3 - -36 - 1) + (6 + (-11 - 2) - 3).
22
Evaluate -6 + (-2 - 18 - (118 + -157)) - 94.
-81
What is 17 - (36 + 17 + -2 + -1 + -26)?
-7
What is (-9 - (-1 - -3)) + 156 + -166 + -26?
-47
What is -11 + (-164 + 174 - (-7 + 1 - -4))?
1
4 + 0 + (-216 - -192)
-20
Calculate (-27 - -26) + -4 - -40 - 170.
-135
What is the value of -12 - (-15 + (144 - 10) - 19 - 8)?
-104
Calculate (12 + 7 - 16) + (-1 + 3 - -37).
42
62 + 0 + 2744 + -2810
-4
Evaluate (17 - ((1 - 4) + 11) - (0 + -2)) + -28.
-17
What is (67 - 56) + (2 + 3 - 3) + 2 + 0?
15
45 - ((6 - 2) + 19) - -77 - (-2 + -12)
113
What is 69 - ((-14 + 17 - -29 - 14) + -5)?
56
What is -34 - -33 - (6 + 29)?
-36
-3 + 6 + 26 - -1 - (-24 + 12)
42
-3 + 1 + -29 + (-126 - -146) + -4 + 1
-14
What is the value of 5 + -1 + (-6 - -31) - 26?
3
What is the value of 29 + 27 + 2 + -20?
38
What is the value of 0 + -3 + -72 + -9 + 2 + 9?
-73
What is -17 + -3 + 49 - 66?
-37
Evaluate 19 + -29 - (19 + -10 + -12 + (73 - 8)).
-72
Calculate (39 - (71 + -61)) + -56.
-27
Evaluate 22 + (0 - -38 - 6) - (-21 + 2).
73
Evaluate 27 - (39 + 67 + -89).
10
What is (28 - -3) + -6 + 6 + -17 + 20 + 4?
38
Evaluate (-21 - 15) + (6 + (1 - -6) - 5).
-28
Evaluate -69 + -1 + -2 + (-10 + -8 - -36).
-54
What is the value of (12 - 3) + (3 - 2 - (34 - -14))?
-38
What is the value of (-21 - (0 + -1)) + (463 - 267) + -131?
45
Evaluate (0 - 13 - -4) + -81 + 71 + (0 - 29).
-48
114 + -11 + -198 - -175
80
Calculate (-70 - (14 - 111)) + 2.
29
What is the value of 28 + -3 + 0 - (173 - 187 - (-1 + -5))?
33
Evaluate (2 + 1 - (-57 + -18 + 101)) + 7.
-16
What is -135 - (-42 + (-41 - 23))?
-29
Evaluate (-122 - -183) + -64 - (28 - 0).
-31
What is the value of (-82 - (18 + -120)) + (10 + -5 - 107)?
-82
What is (8 - (-46 + 23)) + -24 + 41?
48
Evaluate (131 - (89 - 55)) + -32 + 1.
66
Evaluate (-48 - -38 - -9) + 86 + 1 + -5.
81
What is (408 - 421) + (4 + -2 - 23) - 11?
-45
(47 - -4) + -4 - (4 - -7 - 3)
39
What is (-9 - (2 - (-5 + 26))) + -50?
-40
(10 - (22 - 4)) + 0 + 3 + 6 + -64
-63
Calculate (-2 - 0) + (-30 + 15 - -1) + -30.
-46
What is -11 + -133 + 122 + 2 + 33?
13
What is the value of -23 + 142 + -211 + 1 + (-23 - 0)?
-114
What is 22 + -40 + 52 + -6?
28
Evaluate (161 + -92 - 79) + (-1 - 14 - 0) + -11.
-36
What is the value of (31 - 34) + (3 - 0) + (35 - 16)?
19
Calculate (-42 + -67 - -30 - 8) + (10 - -1 - 0).
-76
What is the value of -12 - (-60 + (-32 - (-9 + 2)))?
73
Evaluate 197 - 82 - (0 + (-2 - 10) + 13).
114
Calculate -17 + (23 + (-60 - -21) - 19).
-52
What is (-59 - (-58 + 9)) + 44 + 0 + 3?
37
What is the value of (27 - 5 - 139) + (16 - 12 - 11)?
-124
What is (-4 - (-3 - 3)) + 134 + -166?
-30
0 + -6 + 8 + -1 + -7 + (25 - 14)
5
Evaluate 14 + -35 + (82 - 104).
-43
What is the value of 107 + -191 + 73 - (0 + -102)?
91
(26 - 90) + 111 + -60 + 28 + (-3 - -1)
13
Calculate (-6 - -13 - 55) + 13 - -3.
-32
57 + -15 + (81 - 56)
67
What is the value of (-103 - -107) + (1 + 2 - -12)?
19
What is the value of 32 + -43 - -19 - (-11 - -23)?
-4
Evaluate 95 + -104 - (4 - (4 + -2) - 3) - -45.
37
Evaluate (28 - (-17 + 25 + -1) - 7) + (1 - -68).
83
What is the value of -13 + (-24 - (16 - 87)) - -16?
50
-47 + 3 + -10 + 5 + 8 - (15 + -18)
-38
0 + 17 - (60 + (-41 - -32 - -48))
-82
What is (73 - (-28 - -9) - 16) + -23?
53
-69 + -19 + 35 + -47
-100
-8 + (0 - (2 + -2 + (8 - (6 + 2))))
-8
What is 5 - (-28 + (7 - (12 + -43)))?
-5
21 + -20 + (9 - 2 - (-38 + -13)) - -11
70
Calculate -10 + 8 - (40 + -41 + 46).
-47
-15 - 1 - (70 - 96) - -6 - 96
-80
-5 + 18 + (-8 + -2 - 7) + -5
-9
Calculate 30 + (38 - (-63 - -41)).
90
What is the value of 13 + (2 + -2 - (-70 + 69) - 29)?
-15
Calculate 3 + (-4 - 5) + -55 + 56 + (3 - -2).
0
What is the value of -4 + (55 + -35 - (8 - 94))?
102
(16 - 70) + 85 + (1 - -6) + 0
38
Calculate 30 + -16 + (4 - 22) - (-24 + 6).
14
Evaluate -1 + -1 + 2 - (-49 + 49 + -40).
40
What is the value of (0 - (152 + -74)) + -1 + 24?
-55
Evaluate (521